late the remainder when 279175 is divided by 19801.
1961
Calculate the remainder when 8441656 is divided by 178.
6
Calculate the remainder when 848962 is divided by 171.
118
Calculate the remainder when 382517 is divided by 382507.
10
Calculate the remainder when 5527572 is divided by 229.
199
What is the remainder when 21397243 is divided by 51?
40
Calculate the remainder when 171044 is divided by 2803.
61
What is the remainder when 26667 is divided by 13309?
49
Calculate the remainder when 332836 is divided by 4144.
1316
What is the remainder when 2110029 is divided by 12?
9
What is the remainder when 33789299 is divided by 61?
57
Calculate the remainder when 34057 is divided by 15799.
2459
Calculate the remainder when 5613988 is divided by 623757.
175
What is the remainder when 3950687 is divided by 1316893?
8
What is the remainder when 37712220 is divided by 5088?
5052
What is the remainder when 22994616 is divided by 406?
400
What is the remainder when 26617 is divided by 410?
377
What is the remainder when 580543 is divided by 144923?
851
Calculate the remainder when 7399069 is divided by 308294.
13
What is the remainder when 157041254 is divided by 2377?
2372
Calculate the remainder when 11171260 is divided by 104.
100
What is the remainder when 247405 is divided by 49287?
970
Calculate the remainder when 1697877 is divided by 565945.
42
Calculate the remainder when 7274144 is divided by 34.
14
Calculate the remainder when 527364 is divided by 13184.
4
Calculate the remainder when 74464772 is divided by 18.
14
Calculate the remainder when 2949293 is divided by 226.
219
What is the remainder when 316198 is divided by 1439?
1057
What is the remainder when 4123909 is divided by 1374636?
1
Calculate the remainder when 4393750 is divided by 138.
106
Calculate the remainder when 1911723 is divided by 8496.
123
Calculate the remainder when 2666370 is divided by 390.
330
Calculate the remainder when 231574 is divided by 3000.
574
What is the remainder when 17090533 is divided by 2136315?
13
Calculate the remainder when 3413997 is divided by 6655.
6637
Calculate the remainder when 310528 is divided by 38815.
8
Calculate the remainder when 881863 is divided by 29.
2
What is the remainder when 364310 is divided by 22616?
2454
What is the remainder when 3347157 is divided by 3?
0
What is the remainder when 526184 is divided by 812?
8
What is the remainder when 728982 is divided by 2250?
2232
What is the remainder when 5993907 is divided by 525?
507
Calculate the remainder when 45428431 is divided by 5651.
42
What is the remainder when 802472331 is divided by 1121?
1118
What is the remainder when 13433915 is divided by 1679238?
11
What is the remainder when 105758841 is divided by 1763?
1760
Calculate the remainder when 30326249 is divided by 625.
624
Calculate the remainder when 988224058 is divided by 583.
580
What is the remainder when 171703076 is divided by 57234355?
11
What is the remainder when 11935628 is divided by 1325?
28
What is the remainder when 1660438 is divided by 661?
6
Calculate the remainder when 1198401 is divided by 81.
6
What is the remainder when 6687548 is divided by 1310?
1308
What is the remainder when 147620 is divided by 1807?
1253
Calculate the remainder when 1295758 is divided by 7853.
13
Calculate the remainder when 130481 is divided by 1020.
941
Calculate the remainder when 707758 is divided by 14443.
51
What is the remainder when 221635 is divided by 6152?
163
What is the remainder when 1193572 is divided by 10954?
10540
Calculate the remainder when 2583977 is divided by 3969.
158
What is the remainder when 18751 is divided by 6103?
442
Calculate the remainder when 30463067 is divided by 8495.
8492
What is the remainder when 17515625 is divided by 4356?
149
Calculate the remainder when 5653 is divided by 934.
49
What is the remainder when 48638288 is divided by 81?
56
What is the remainder when 835425 is divided by 278459?
48
Calculate the remainder when 29360 is divided by 29341.
19
What is the remainder when 157092 is divided by 157068?
24
Calculate the remainder when 70132766 is divided by 475.
441
What is the remainder when 270345 is divided by 1079?
595
What is the remainder when 11700463 is divided by 41?
6
What is the remainder when 21666321 is divided by 633?
630
What is the remainder when 21656066 is divided by 30?
26
Calculate the remainder when 161953 is divided by 1460.
1353
What is the remainder when 53918830 is divided by 16?
14
Calculate the remainder when 16624 is divided by 16560.
64
What is the remainder when 6988569 is divided by 12?
9
What is the remainder when 27458405 is divided by 8119?
8066
Calculate the remainder when 1034164 is divided by 1034139.
25
Calculate the remainder when 93234 is divided by 688.
354
Calculate the remainder when 612598 is divided by 18563.
19
What is the remainder when 1581656 is divided by 435?
431
What is the remainder when 10956052 is divided by 55?
52
What is the remainder when 1425234 is divided by 712613?
8
What is the remainder when 33245 is divided by 30629?
2616
What is the remainder when 264387777 is divided by 2610?
2607
Calculate the remainder when 7076478 is divided by 443.
439
What is the remainder when 33968685 is divided by 81?
39
Calculate the remainder when 4358571 is divided by 155.
126
Calculate the remainder when 600243 is divided by 49964.
675
What is the remainder when 1423054 is divided by 60?
34
What is the remainder when 1351918 is divided by 4952?
22
What is the remainder when 1154945 is divided by 1014?
1013
What is the remainder when 190199 is divided by 5030?
4089
Calculate the remainder when 91515960 is divided by 95.
85
What is the remainder when 82920 is divided by 172?
16
What is the remainder when 375107 is divided by 20839?
5
Calculate the remainder when 3368132 is divided by 558.
44
Calculate the remainder when 5823 is divided by 583.
576
Calculate the remainder when 215496407 is divided by 94.
91
What is the remainder when 129688 is divided by 18096?
3016
What is the remainder when 2062 is divided by 736?
590
Calculate the remainder when 135263227 is divided by 36.
31
What is the remainder when 329323 is divided by 612?
67
What is the remainder when 1636951 is divided by 32?
23
Calculate the remainder when 29212128 is divided by 182.
36
What is the remainder when 30838125 is divided by 24?
21
What is the remainder when 1031215 is divided by 147315?
10
What is the remainder when 274465 is divided by 27413?
335
Calculate the remainder when 4346591 is divided by 6546.
47
What is the remainder when 3378386 is divided by 585?
11
Calculate the remainder when 6223803 is divided by 35.
33
What is the remainder when 640329 is divided by 556?
373
Calculate the remainder when 1888220 is divided by 629144.
788
Calculate the remainder when 434834 is divided by 7495.
124
What is the remainder when 976552 is divided by 120?
112
What is the remainder when 74255304 is divided by 12375883?
6
What is the remainder when 167555456 is divided by 1?
0
Calculate the remainder when 10162538 is divided by 160.
138
Calculate the remainder when 852603262 is divided by 114.
112
Calculate the remainder when 209081 is divided by 52259.
45
Calculate the remainder when 210075 is divided by 1755.
1230
Calculate the remainder when 2465766 is divided by 256.
230
What is the remainder when 2005010 is divided by 40?
10
Calculate the remainder when 3185732 is divided by 6555.
2
What is the remainder when 3527171 is divided by 587860?
11
What is the remainder when 256697 is divided by 128344?
9
What is the remainder when 27757 is divided by 2778?
2755
Calculate the remainder when 596884936 is divided by 23.
22
What is the remainder when 856939 is divided by 75?
64
Calculate the remainder when 24757351 is divided by 1255.
1221
Calculate the remainder when 1075194 is divided by 148.
122
What is the remainder when 583691 is divided by 19?
11
Calculate the remainder when 263072 is divided by 437.
435
Calculate the remainder when 15650317 is divided by 205925.
17
Calculate the remainder when 175084785 is divided by 6.
3
Calculate the remainder when 293112 is divided by 1036.
960
What is the remainder when 34427126 is divided by 2125?
1
Calculate the remainder when 7902